{"id":2904,"date":"2026-04-29T23:19:21","date_gmt":"2026-04-29T21:19:21","guid":{"rendered":"https:\/\/lengetur.no\/?page_id=2904"},"modified":"2026-04-29T23:19:23","modified_gmt":"2026-04-29T21:19:23","slug":"pamelding-langturkurs-kajakk","status":"publish","type":"page","link":"https:\/\/lengetur.no\/?page_id=2904","title":{"rendered":"P\u00c5MELDING LANGTURKURS KAJAKK"},"content":{"rendered":"<div class=\"wpforms-container wpforms-container-full wpforms-block wpforms-block-932b123e-eecc-4a78-83d5-6ecdf2c669c4\" id=\"wpforms-2894\"><form id=\"wpforms-form-2894\" class=\"wpforms-validate wpforms-form wpforms-ajax-form\" data-formid=\"2894\" method=\"post\" enctype=\"multipart\/form-data\" action=\"\/index.php?rest_route=%2Fwp%2Fv2%2Fpages%2F2904\" data-token=\"14ae10dc0d6c2773827fb4f87d23fd59\" data-token-time=\"1777561265\"><noscript class=\"wpforms-error-noscript\">Please enable JavaScript in your browser to complete this form.<\/noscript><div class=\"wpforms-field-container\"><div id=\"wpforms-2894-field_30-container\" class=\"wpforms-field wpforms-field-text\" data-field-id=\"30\"><label class=\"wpforms-field-label\" for=\"wpforms-2894-field_30\">NAVN P\u00c5 KURSET <span class=\"wpforms-required-label\">*<\/span><\/label><input type=\"text\" id=\"wpforms-2894-field_30\" class=\"wpforms-field-medium wpforms-field-required\" name=\"wpforms[fields][30]\" required><\/div><div id=\"wpforms-2894-field_3-container\" class=\"wpforms-field wpforms-field-text\" data-field-id=\"3\"><label class=\"wpforms-field-label\" for=\"wpforms-2894-field_3\">NAVN <span class=\"wpforms-required-label\">*<\/span><\/label><input type=\"text\" id=\"wpforms-2894-field_3\" class=\"wpforms-field-medium wpforms-field-required\" name=\"wpforms[fields][3]\" required><div class=\"wpforms-field-description\">EN PERSON PR P\u00c5MELDING<\/div><\/div><div id=\"wpforms-2894-field_1-container\" class=\"wpforms-field wpforms-field-email\" data-field-id=\"1\"><label class=\"wpforms-field-label\" for=\"wpforms-2894-field_1\">E-POST <span class=\"wpforms-required-label\">*<\/span><\/label><input type=\"email\" id=\"wpforms-2894-field_1\" class=\"wpforms-field-medium wpforms-field-required\" name=\"wpforms[fields][1]\" spellcheck=\"false\" required><\/div><div id=\"wpforms-2894-field_27-container\" class=\"wpforms-field wpforms-field-text\" data-field-id=\"27\"><label class=\"wpforms-field-label\" for=\"wpforms-2894-field_27\">POSTADRESSE <span class=\"wpforms-required-label\">*<\/span><\/label><input type=\"text\" id=\"wpforms-2894-field_27\" class=\"wpforms-field-medium wpforms-field-required\" name=\"wpforms[fields][27]\" required><\/div><div id=\"wpforms-2894-field_12-container\" class=\"wpforms-field wpforms-field-text\" data-field-id=\"12\"><label class=\"wpforms-field-label\" for=\"wpforms-2894-field_12\">TELEFONNUMMER <span class=\"wpforms-required-label\">*<\/span><\/label><input type=\"text\" id=\"wpforms-2894-field_12\" class=\"wpforms-field-medium wpforms-field-required\" name=\"wpforms[fields][12]\" required><\/div><div id=\"wpforms-2894-field_9-container\" class=\"wpforms-field wpforms-field-text\" data-field-id=\"9\"><label class=\"wpforms-field-label\" for=\"wpforms-2894-field_9\">KONTAKTINFO P\u00c5R\u00d8RENDE <span class=\"wpforms-required-label\">*<\/span><\/label><input type=\"text\" id=\"wpforms-2894-field_9\" class=\"wpforms-field-medium wpforms-field-required\" name=\"wpforms[fields][9]\" required><div class=\"wpforms-field-description\">OPPGI NAVN OG TELEFONNUMMER<\/div><\/div><div id=\"wpforms-2894-field_15-container\" class=\"wpforms-field wpforms-field-textarea\" data-field-id=\"15\"><label class=\"wpforms-field-label\" for=\"wpforms-2894-field_15\">RELEVANT HELSEINFORMASJON<\/label><textarea id=\"wpforms-2894-field_15\" class=\"wpforms-field-medium\" name=\"wpforms[fields][15]\" ><\/textarea><\/div><div id=\"wpforms-2894-field_40-container\" class=\"wpforms-field wpforms-field-textarea\" data-field-id=\"40\"><label class=\"wpforms-field-label\" for=\"wpforms-2894-field_40\">\u00d8NSKER \u00c5 LEIE KAJAKK (tillegg kr 1000,-). Oppgi vekt og kroppslengde<\/label><textarea id=\"wpforms-2894-field_40\" class=\"wpforms-field-medium\" name=\"wpforms[fields][40]\" ><\/textarea><\/div><div id=\"wpforms-2894-field_34-container\" class=\"wpforms-field wpforms-field-checkbox\" data-field-id=\"34\"><label class=\"wpforms-field-label\">HENGEK\u00d8YE \/ TELT<\/label><ul id=\"wpforms-2894-field_34\"><li class=\"choice-2 depth-1\"><input type=\"checkbox\" id=\"wpforms-2894-field_34_2\" name=\"wpforms[fields][34][]\" value=\"\u00d8NSKER \u00c5 L\u00c5NE K\u00d8YE. KROPPSLENGDE OVER 180 cm\"  ><label class=\"wpforms-field-label-inline\" for=\"wpforms-2894-field_34_2\">\u00d8NSKER \u00c5 L\u00c5NE K\u00d8YE. KROPPSLENGDE OVER 180 cm<\/label><\/li><li class=\"choice-3 depth-1\"><input type=\"checkbox\" id=\"wpforms-2894-field_34_3\" name=\"wpforms[fields][34][]\" value=\"\u00d8NSKER \u00c5 L\u00c5NE K\u00d8YE. KROPPSLENGDE UNDER 180 cm\"  ><label class=\"wpforms-field-label-inline\" for=\"wpforms-2894-field_34_3\">\u00d8NSKER \u00c5 L\u00c5NE K\u00d8YE. KROPPSLENGDE UNDER 180 cm<\/label><\/li><li class=\"choice-4 depth-1\"><input type=\"checkbox\" id=\"wpforms-2894-field_34_4\" name=\"wpforms[fields][34][]\" value=\"\u00d8NSKER \u00c5 L\u00c5NE TELT\"  ><label class=\"wpforms-field-label-inline\" for=\"wpforms-2894-field_34_4\">\u00d8NSKER \u00c5 L\u00c5NE TELT<\/label><\/li><\/ul><\/div><div id=\"wpforms-2894-field_24-container\" class=\"wpforms-field wpforms-field-textarea\" data-field-id=\"24\"><label class=\"wpforms-field-label\" for=\"wpforms-2894-field_24\">ANDRE OPPLYSNINGER ELLER SP\u00d8RSM\u00c5L <\/label><textarea id=\"wpforms-2894-field_24\" class=\"wpforms-field-medium\" name=\"wpforms[fields][24]\" ><\/textarea><\/div><div id=\"wpforms-2894-field_33-container\" class=\"wpforms-field wpforms-field-checkbox\" data-field-id=\"33\"><label class=\"wpforms-field-label\">NYHETSBREV<\/label><ul id=\"wpforms-2894-field_33\"><li class=\"choice-1 depth-1\"><input type=\"checkbox\" id=\"wpforms-2894-field_33_1\" name=\"wpforms[fields][33][]\" value=\"Jeg \u00f8nsker \u00e5 motta nyhetsbrev fra LENGETUR\"  ><label class=\"wpforms-field-label-inline\" for=\"wpforms-2894-field_33_1\">Jeg \u00f8nsker \u00e5 motta nyhetsbrev fra LENGETUR<\/label><\/li><\/ul><\/div><div id=\"wpforms-2894-field_16-container\" class=\"wpforms-field wpforms-field-checkbox\" data-field-id=\"16\"><label class=\"wpforms-field-label\">BEKREFTELSE  <span class=\"wpforms-required-label\">*<\/span><\/label><ul id=\"wpforms-2894-field_16\" class=\"wpforms-field-required\"><li class=\"choice-1 depth-1\"><input type=\"checkbox\" id=\"wpforms-2894-field_16_1\" name=\"wpforms[fields][16][]\" value=\"Den fullstendige kurs-\/turbeskrivelsen er lest i sin helhet.\" required ><label class=\"wpforms-field-label-inline\" for=\"wpforms-2894-field_16_1\">Den fullstendige kurs-\/turbeskrivelsen er lest i sin helhet.<\/label><\/li><\/ul><\/div><\/div><!-- .wpforms-field-container --><div class=\"wpforms-submit-container\" ><input type=\"hidden\" name=\"wpforms[id]\" value=\"2894\"><input type=\"hidden\" name=\"page_title\" value=\"\"><input type=\"hidden\" name=\"page_url\" value=\"https:\/\/lengetur.no\/index.php?rest_route=\/wp\/v2\/pages\/2904\"><input type=\"hidden\" name=\"url_referer\" value=\"\"><button type=\"submit\" name=\"wpforms[submit]\" id=\"wpforms-submit-2894\" class=\"wpforms-submit\" data-alt-text=\"Sender...\" data-submit-text=\"FULLF\u00d8R\" aria-live=\"assertive\" value=\"wpforms-submit\">FULLF\u00d8R<\/button><img decoding=\"async\" src=\"https:\/\/lengetur.no\/wp-content\/plugins\/wpforms-lite\/assets\/images\/submit-spin.svg\" class=\"wpforms-submit-spinner\" style=\"display: none;\" width=\"26\" height=\"26\" alt=\"Loading\"><\/div><\/form><\/div>  <!-- .wpforms-container -->","protected":false},"excerpt":{"rendered":"","protected":false},"author":1,"featured_media":0,"parent":0,"menu_order":0,"comment_status":"closed","ping_status":"closed","template":"","meta":{"inspiro_hide_title":false,"footnotes":""},"class_list":["post-2904","page","type-page","status-publish","hentry"],"_links":{"self":[{"href":"https:\/\/lengetur.no\/index.php?rest_route=\/wp\/v2\/pages\/2904","targetHints":{"allow":["GET"]}}],"collection":[{"href":"https:\/\/lengetur.no\/index.php?rest_route=\/wp\/v2\/pages"}],"about":[{"href":"https:\/\/lengetur.no\/index.php?rest_route=\/wp\/v2\/types\/page"}],"author":[{"embeddable":true,"href":"https:\/\/lengetur.no\/index.php?rest_route=\/wp\/v2\/users\/1"}],"replies":[{"embeddable":true,"href":"https:\/\/lengetur.no\/index.php?rest_route=%2Fwp%2Fv2%2Fcomments&post=2904"}],"version-history":[{"count":1,"href":"https:\/\/lengetur.no\/index.php?rest_route=\/wp\/v2\/pages\/2904\/revisions"}],"predecessor-version":[{"id":2905,"href":"https:\/\/lengetur.no\/index.php?rest_route=\/wp\/v2\/pages\/2904\/revisions\/2905"}],"wp:attachment":[{"href":"https:\/\/lengetur.no\/index.php?rest_route=%2Fwp%2Fv2%2Fmedia&parent=2904"}],"curies":[{"name":"wp","href":"https:\/\/api.w.org\/{rel}","templated":true}]}}