{"id":1922,"date":"2023-06-27T17:15:16","date_gmt":"2023-06-27T15:15:16","guid":{"rendered":"https:\/\/lengetur.no\/?page_id=1922"},"modified":"2024-06-28T10:18:59","modified_gmt":"2024-06-28T08:18:59","slug":"draumr-test-triks","status":"publish","type":"page","link":"https:\/\/lengetur.no\/?page_id=1922","title":{"rendered":"&#8211; DRAUMR TEST &#038; TRIKS"},"content":{"rendered":"\n<h3 class=\"wp-block-heading\"><em>Er du nysgjerrig p\u00e5 AMOK Draumr-k\u00f8ya og lurer p\u00e5 \u00e5 skaffe deg en?<\/em><\/h3>\n\n\n\n<h3 class=\"wp-block-heading\"><em>Har du sett den splitter nye Draumr Double og tenkt at DEN skulle jeg gjerne ha pr\u00f8vd?<\/em><\/h3>\n\n\n\n<h3 class=\"wp-block-heading\"><em>Har du allerede skaffet deg en Draumr, men \u00f8nsker litt tips og triks til bruken?<\/em><\/h3>\n\n\n\n<h3 class=\"wp-block-heading\"><em>Eller har du bare lyst til \u00e5 treffe andre Draumr-frelste?<\/em><\/h3>\n\n\n\n<h2 class=\"wp-block-heading has-text-align-center\">Da er <strong>\u00abDRAUMR TEST &amp; TRIKS\u00bb <\/strong>noe for deg!<\/h2>\n\n\n\n<figure class=\"wp-block-image size-large\"><img fetchpriority=\"high\" decoding=\"async\" width=\"1024\" height=\"676\" src=\"http:\/\/lengetur.no\/wp-content\/uploads\/2023\/04\/cropped-IMG_5002-1024x676.jpg\" alt=\"\" class=\"wp-image-1740\" srcset=\"https:\/\/lengetur.no\/wp-content\/uploads\/2023\/04\/cropped-IMG_5002-1024x676.jpg 1024w, https:\/\/lengetur.no\/wp-content\/uploads\/2023\/04\/cropped-IMG_5002-300x198.jpg 300w, https:\/\/lengetur.no\/wp-content\/uploads\/2023\/04\/cropped-IMG_5002-768x507.jpg 768w, https:\/\/lengetur.no\/wp-content\/uploads\/2023\/04\/cropped-IMG_5002-1536x1015.jpg 1536w, https:\/\/lengetur.no\/wp-content\/uploads\/2023\/04\/cropped-IMG_5002.jpg 2000w\" sizes=\"(max-width: 1024px) 100vw, 1024px\" \/><figcaption class=\"wp-element-caption\">STOLFUNKSJONEN I AMOK DRAUMR ER BARE HELT NYDELIG!<\/figcaption><\/figure>\n\n\n\n<p><strong>TID OG STED: \u00a0\u00a0\u00a0 <\/strong><\/p>\n\n\n\n<p><strong>NYE DATOER KOMMER!!! MELD DEG P\u00c5 NYHETSBREV <a href=\"https:\/\/lengetur.no\/?page_id=7\" data-type=\"page\" data-id=\"7\">HER<\/a> FOR \u00c5 V\u00c6RE OPPDATERT!<\/strong><\/p>\n\n\n\n<p>Her blir det servert en enkel middag f\u00f8r vi kj\u00f8rer en runde p\u00e5 bruk av k\u00f8yene. S\u00e5 er det i gang med \u00e5 pr\u00f8ve ut sj\u00f8l. Alt foreg\u00e5r under kyndig veiledning fra v\u00e5re instrukt\u00f8rer som er erfarne Draumr-brukere.<\/p>\n\n\n\n<p><strong>AMOK Equipment<\/strong> stiller med k\u00f8yer til l\u00e5ns under arrangementet, men om du har egen Draumr kan du ogs\u00e5 ta med den!<\/p>\n\n\n\n<p><strong><u>Det er kun ti plasser p\u00e5 hvert av arrangementene og det er \u00abf\u00f8rst til k\u00f8ya\u00bb som gjelder. <\/u><\/strong><\/p>\n\n\n\n<figure class=\"wp-block-image size-large\"><img decoding=\"async\" width=\"1024\" height=\"768\" src=\"https:\/\/lengetur.no\/wp-content\/uploads\/2024\/06\/IMG_9570-kopi-1024x768.jpg\" alt=\"\" class=\"wp-image-2240\" srcset=\"https:\/\/lengetur.no\/wp-content\/uploads\/2024\/06\/IMG_9570-kopi-1024x768.jpg 1024w, https:\/\/lengetur.no\/wp-content\/uploads\/2024\/06\/IMG_9570-kopi-300x225.jpg 300w, https:\/\/lengetur.no\/wp-content\/uploads\/2024\/06\/IMG_9570-kopi-2000x1500.jpg 2000w\" sizes=\"(max-width: 1024px) 100vw, 1024px\" \/><figcaption class=\"wp-element-caption\">Nye DRAUMR Double er rett og slett en &#8230;&#8230;&#8230;&#8230;. DR\u00d8M!<\/figcaption><\/figure>\n\n\n\n<p>Dersom du har lyst, blir det mulig \u00e5 tilbringe natta i en Draumr. Vi har fem k\u00f8yer til disposisjon, s\u00e5 her er det ogs\u00e5 viktig \u00e5 v\u00e6re tidlig ute med p\u00e5melding. Har du med egen k\u00f8ye kan du selvf\u00f8lgelig ogs\u00e5 delta. V\u00e5re instrukt\u00f8rer blir i leiren gjennom natta. Alle overnattere vil f\u00e5 servert en enkel frokost f\u00f8r de drar videre p\u00e5 jobb eller andre gj\u00f8rem\u00e5l!<\/p>\n\n\n\n<p><strong>Instrukt\u00f8rer: <\/strong><\/p>\n\n\n\n<p><strong><a href=\"https:\/\/lengetur.no\/?page_id=196\" data-type=\"page\" data-id=\"196\">\u00d8YSTEIN ANDERSEN <\/a>, <a href=\"https:\/\/lengetur.no\/?page_id=199\" data-type=\"page\" data-id=\"199\"><strong>SONDRE STRAND NILSSEN<\/strong><\/a><\/strong>, <strong><a href=\"https:\/\/lengetur.no\/?page_id=2206\" data-type=\"page\" data-id=\"2206\">ESPEN B\u00d8LSKOG DAVIDSEN<\/a><\/strong> og<strong> <a href=\"https:\/\/lengetur.no\/?page_id=185\" data-type=\"page\" data-id=\"185\">TOR-GUNNAR SKIBAKK<\/a><\/strong><\/p>\n\n\n\n<figure class=\"wp-block-image size-large\"><img decoding=\"async\" width=\"1024\" height=\"768\" src=\"https:\/\/lengetur.no\/wp-content\/uploads\/2023\/06\/IMG_4996-1024x768.jpg\" alt=\"\" class=\"wp-image-1927\" srcset=\"https:\/\/lengetur.no\/wp-content\/uploads\/2023\/06\/IMG_4996-1024x768.jpg 1024w, https:\/\/lengetur.no\/wp-content\/uploads\/2023\/06\/IMG_4996-300x225.jpg 300w, https:\/\/lengetur.no\/wp-content\/uploads\/2023\/06\/IMG_4996-768x576.jpg 768w, https:\/\/lengetur.no\/wp-content\/uploads\/2023\/06\/IMG_4996-1536x1152.jpg 1536w, https:\/\/lengetur.no\/wp-content\/uploads\/2023\/06\/IMG_4996-2000x1500.jpg 2000w, https:\/\/lengetur.no\/wp-content\/uploads\/2023\/06\/IMG_4996.jpg 2048w\" sizes=\"(max-width: 1024px) 100vw, 1024px\" \/><figcaption class=\"wp-element-caption\">LEIR UNDER TARP I REGNET<\/figcaption><\/figure>\n\n\n\n<h3 class=\"wp-block-heading\"><strong>PRAKTISK INFO:<\/strong><\/h3>\n\n\n\n<p>Dette er et utend\u00f8rs arrangement, s\u00e5 det er viktig at man kler seg etter v\u00e6ret. Vi har med tarp til alle k\u00f8yer og til fellessamling.<\/p>\n\n\n\n<p>Alle tre arrangementene er lett tilgjengelige, og mer info rundt oppm\u00f8tet sendes ut etter p\u00e5melding.<\/p>\n\n\n\n<p><\/p>\n\n\n\n<p>Ta gjerne med et sitteunderlag eller annet \u00e5 sitte p\u00e5.<\/p>\n\n\n\n<p>De som skal overnatte m\u00e5 ha med egen sovepose.<\/p>\n\n\n\n<p>Det er offentlig toalett p\u00e5 omr\u00e5det.<\/p>\n\n\n\n<p>Minimum fire deltakere for \u00e5 gjennomf\u00f8re kurset. Minimum tre som \u00f8nsker \u00e5 overnatte for at det skal bli overnatting.<\/p>\n\n\n\n<h2 class=\"wp-block-heading has-vivid-red-color has-text-color\"><strong>DELTAKERAVGIFT 400kr.<\/strong><\/h2>\n\n\n\n<h2 class=\"wp-block-heading\">\u00c5PNER FOR P\u00c5MELDING S\u00c5 FORT NYE DATOER ER KLARE!<\/h2>\n\n\n\n<h3 class=\"wp-block-heading\"><strong>BETALINGSBETINGELSER:<\/strong><\/h3>\n\n\n\n<p>Deltakeravgift m\u00e5 v\u00e6re betalt innen gitt frist for at p\u00e5melding skal v\u00e6re fullf\u00f8rt.<\/p>\n\n\n\n<p>Ved avlysning av arrangement vil deltakeravgift krediteres i sin helhet.<\/p>\n\n\n\n<h3 class=\"wp-block-heading\"><strong>INKLUDERT I PRISEN<\/strong><\/h3>\n\n\n\n<p>L\u00e5n av komplett AMOK Draumr 5.0 eller Draumr Double under arrangementet.<\/p>\n\n\n\n<p>To erfarne instrukt\u00f8rer.<\/p>\n\n\n\n<p>Enkel middag.<\/p>\n\n\n\n<p>Enkel frokost til de som overnatter.<\/p>\n\n\n\n<h3 class=\"wp-block-heading\"><strong>IKKE INKLUDERT I PRISEN:<\/strong><\/h3>\n\n\n\n<p>Drikke.<\/p>\n\n\n\n<p>Sovepose for de som skal overnatte.<\/p>\n\n\n\n<p>Transport t\/r hjemmeadresse.<\/p>\n","protected":false},"excerpt":{"rendered":"<p>Er du nysgjerrig p\u00e5 AMOK Draumr-k\u00f8ya og lurer p\u00e5 \u00e5 skaffe deg en? Har du sett den splitter nye Draumr Double og tenkt at DEN skulle jeg gjerne ha pr\u00f8vd? Har du allerede skaffet deg en Draumr, men \u00f8nsker litt tips og triks til bruken? Eller har du bare lyst til \u00e5 treffe andre Draumr-frelste? &hellip; <\/p>\n<p class=\"link-more\"><a href=\"https:\/\/lengetur.no\/?page_id=1922\" class=\"more-link\">Read more<span class=\"screen-reader-text\"> &laquo;&#8211; DRAUMR TEST &#038; TRIKS&raquo;<\/span><\/a><\/p>\n","protected":false},"author":1,"featured_media":0,"parent":0,"menu_order":0,"comment_status":"closed","ping_status":"closed","template":"","meta":{"inspiro_hide_title":false,"footnotes":""},"class_list":["post-1922","page","type-page","status-publish","hentry"],"_links":{"self":[{"href":"https:\/\/lengetur.no\/index.php?rest_route=\/wp\/v2\/pages\/1922","targetHints":{"allow":["GET"]}}],"collection":[{"href":"https:\/\/lengetur.no\/index.php?rest_route=\/wp\/v2\/pages"}],"about":[{"href":"https:\/\/lengetur.no\/index.php?rest_route=\/wp\/v2\/types\/page"}],"author":[{"embeddable":true,"href":"https:\/\/lengetur.no\/index.php?rest_route=\/wp\/v2\/users\/1"}],"replies":[{"embeddable":true,"href":"https:\/\/lengetur.no\/index.php?rest_route=%2Fwp%2Fv2%2Fcomments&post=1922"}],"version-history":[{"count":22,"href":"https:\/\/lengetur.no\/index.php?rest_route=\/wp\/v2\/pages\/1922\/revisions"}],"predecessor-version":[{"id":2343,"href":"https:\/\/lengetur.no\/index.php?rest_route=\/wp\/v2\/pages\/1922\/revisions\/2343"}],"wp:attachment":[{"href":"https:\/\/lengetur.no\/index.php?rest_route=%2Fwp%2Fv2%2Fmedia&parent=1922"}],"curies":[{"name":"wp","href":"https:\/\/api.w.org\/{rel}","templated":true}]}}