{"id":1910,"date":"2023-06-26T21:15:26","date_gmt":"2023-06-26T19:15:26","guid":{"rendered":"https:\/\/lengetur.no\/?page_id=1910"},"modified":"2023-06-26T21:15:27","modified_gmt":"2023-06-26T19:15:27","slug":"pamelding-totenasen","status":"publish","type":"page","link":"https:\/\/lengetur.no\/?page_id=1910","title":{"rendered":"P\u00c5MELDING TOTEN\u00c5SEN"},"content":{"rendered":"<div class=\"wpforms-container wpforms-container-full wpforms-block wpforms-block-5b71135d-4a1a-465f-a40f-544830efd32c\" id=\"wpforms-1899\"><form id=\"wpforms-form-1899\" class=\"wpforms-validate wpforms-form wpforms-ajax-form\" data-formid=\"1899\" method=\"post\" enctype=\"multipart\/form-data\" action=\"\/index.php?rest_route=%2Fwp%2Fv2%2Fpages%2F1910\" data-token=\"82631b3a5582cc235ddfaca5f3adc562\" data-token-time=\"1776690256\"><noscript class=\"wpforms-error-noscript\">Please enable JavaScript in your browser to complete this form.<\/noscript><div class=\"wpforms-field-container\"><div id=\"wpforms-1899-field_30-container\" class=\"wpforms-field wpforms-field-text\" data-field-id=\"30\"><label class=\"wpforms-field-label\" for=\"wpforms-1899-field_30\">NAVN P\u00c5 TUREN <span class=\"wpforms-required-label\">*<\/span><\/label><input type=\"text\" id=\"wpforms-1899-field_30\" class=\"wpforms-field-medium wpforms-field-required\" name=\"wpforms[fields][30]\" required><\/div><div id=\"wpforms-1899-field_3-container\" class=\"wpforms-field wpforms-field-text\" data-field-id=\"3\"><label class=\"wpforms-field-label\" for=\"wpforms-1899-field_3\">NAVN <span class=\"wpforms-required-label\">*<\/span><\/label><input type=\"text\" id=\"wpforms-1899-field_3\" class=\"wpforms-field-medium wpforms-field-required\" name=\"wpforms[fields][3]\" required><div class=\"wpforms-field-description\">EN PERSON PR P\u00c5MELDING<\/div><\/div><div id=\"wpforms-1899-field_1-container\" class=\"wpforms-field wpforms-field-email\" data-field-id=\"1\"><label class=\"wpforms-field-label\" for=\"wpforms-1899-field_1\">E-POST <span class=\"wpforms-required-label\">*<\/span><\/label><input type=\"email\" id=\"wpforms-1899-field_1\" class=\"wpforms-field-medium wpforms-field-required\" name=\"wpforms[fields][1]\" spellcheck=\"false\" required><\/div><div id=\"wpforms-1899-field_27-container\" class=\"wpforms-field wpforms-field-text\" data-field-id=\"27\"><label class=\"wpforms-field-label\" for=\"wpforms-1899-field_27\">POSTADRESSE <span class=\"wpforms-required-label\">*<\/span><\/label><input type=\"text\" id=\"wpforms-1899-field_27\" class=\"wpforms-field-medium wpforms-field-required\" name=\"wpforms[fields][27]\" required><\/div><div id=\"wpforms-1899-field_12-container\" class=\"wpforms-field wpforms-field-text\" data-field-id=\"12\"><label class=\"wpforms-field-label\" for=\"wpforms-1899-field_12\">TELEFONNUMMER <span class=\"wpforms-required-label\">*<\/span><\/label><input type=\"text\" id=\"wpforms-1899-field_12\" class=\"wpforms-field-medium wpforms-field-required\" name=\"wpforms[fields][12]\" required><\/div><div id=\"wpforms-1899-field_9-container\" class=\"wpforms-field wpforms-field-text\" data-field-id=\"9\"><label class=\"wpforms-field-label\" for=\"wpforms-1899-field_9\">KONTAKTINFO P\u00c5R\u00d8RENDE <span class=\"wpforms-required-label\">*<\/span><\/label><input type=\"text\" id=\"wpforms-1899-field_9\" class=\"wpforms-field-medium wpforms-field-required\" name=\"wpforms[fields][9]\" required><div class=\"wpforms-field-description\">OPPGI NAVN OG TELEFONNUMMER<\/div><\/div><div id=\"wpforms-1899-field_7-container\" class=\"wpforms-field wpforms-field-checkbox\" data-field-id=\"7\"><label class=\"wpforms-field-label\">MATALLERGIER<\/label><ul id=\"wpforms-1899-field_7\"><li class=\"choice-1 depth-1\"><input type=\"checkbox\" id=\"wpforms-1899-field_7_1\" name=\"wpforms[fields][7][]\" value=\"GLUTEN\"  ><label class=\"wpforms-field-label-inline\" for=\"wpforms-1899-field_7_1\">GLUTEN<\/label><\/li><li class=\"choice-2 depth-1\"><input type=\"checkbox\" id=\"wpforms-1899-field_7_2\" name=\"wpforms[fields][7][]\" value=\"LAKTOSE\"  ><label class=\"wpforms-field-label-inline\" for=\"wpforms-1899-field_7_2\">LAKTOSE<\/label><\/li><li class=\"choice-3 depth-1\"><input type=\"checkbox\" id=\"wpforms-1899-field_7_3\" name=\"wpforms[fields][7][]\" value=\"ANDRE ALLERGIER. Fyll ut boksen nedenfor\"  ><label class=\"wpforms-field-label-inline\" for=\"wpforms-1899-field_7_3\">ANDRE ALLERGIER. Fyll ut boksen nedenfor<\/label><\/li><\/ul><\/div><div id=\"wpforms-1899-field_13-container\" class=\"wpforms-field wpforms-field-text\" data-field-id=\"13\"><label class=\"wpforms-field-label\" for=\"wpforms-1899-field_13\">ANDRE ALLERGIER<\/label><input type=\"text\" id=\"wpforms-1899-field_13\" class=\"wpforms-field-medium\" name=\"wpforms[fields][13]\" ><\/div><div id=\"wpforms-1899-field_15-container\" class=\"wpforms-field wpforms-field-textarea\" data-field-id=\"15\"><label class=\"wpforms-field-label\" for=\"wpforms-1899-field_15\">RELEVANT HELSEINFORMASJON<\/label><textarea id=\"wpforms-1899-field_15\" class=\"wpforms-field-medium\" name=\"wpforms[fields][15]\" ><\/textarea><\/div><div id=\"wpforms-1899-field_8-container\" class=\"wpforms-field wpforms-field-checkbox\" data-field-id=\"8\"><label class=\"wpforms-field-label\">HENGEK\u00d8YE <span class=\"wpforms-required-label\">*<\/span><\/label><ul id=\"wpforms-1899-field_8\" class=\"wpforms-field-required\"><li class=\"choice-1 depth-1\"><input type=\"checkbox\" id=\"wpforms-1899-field_8_1\" name=\"wpforms[fields][8][]\" value=\"HAR EGEN DRAUMR OG BRUKER DENNE\" required ><label class=\"wpforms-field-label-inline\" for=\"wpforms-1899-field_8_1\">HAR EGEN DRAUMR OG BRUKER DENNE<\/label><\/li><li class=\"choice-2 depth-1\"><input type=\"checkbox\" id=\"wpforms-1899-field_8_2\" name=\"wpforms[fields][8][]\" value=\"SKAL L\u00c5NE K\u00d8YE. KROPPSLENGDE OVER 180 cm\" required ><label class=\"wpforms-field-label-inline\" for=\"wpforms-1899-field_8_2\">SKAL L\u00c5NE K\u00d8YE. KROPPSLENGDE OVER 180 cm<\/label><\/li><li class=\"choice-3 depth-1\"><input type=\"checkbox\" id=\"wpforms-1899-field_8_3\" name=\"wpforms[fields][8][]\" value=\"SKAL L\u00c5NE K\u00d8YE. KROPPSLENGDE UNDER 180 cm\" required ><label class=\"wpforms-field-label-inline\" for=\"wpforms-1899-field_8_3\">SKAL L\u00c5NE K\u00d8YE. KROPPSLENGDE UNDER 180 cm<\/label><\/li><li class=\"choice-4 depth-1\"><input type=\"checkbox\" id=\"wpforms-1899-field_8_4\" name=\"wpforms[fields][8][]\" value=\"\u00d8NSKER \u00c5 L\u00c5NE DRAUMR DOUBLE (OPPGI NAVN P\u00c5 DEN DU SKAL DELE MED UNDER &quot;ANDRE OPPLYSNINGER&quot;)\" required ><label class=\"wpforms-field-label-inline\" for=\"wpforms-1899-field_8_4\">\u00d8NSKER \u00c5 L\u00c5NE DRAUMR DOUBLE (OPPGI NAVN P\u00c5 DEN DU SKAL DELE MED UNDER &laquo;ANDRE OPPLYSNINGER&raquo;)<\/label><\/li><\/ul><\/div><div id=\"wpforms-1899-field_34-container\" class=\"wpforms-field wpforms-field-checkbox\" data-field-id=\"34\"><label class=\"wpforms-field-label\">ANKOMST VESTER\u00c5S <span class=\"wpforms-required-label\">*<\/span><\/label><ul id=\"wpforms-1899-field_34\" class=\"wpforms-field-required\"><li class=\"choice-1 depth-1\"><input type=\"checkbox\" id=\"wpforms-1899-field_34_1\" name=\"wpforms[fields][34][]\" value=\"5. juli kl 10.00\" required ><label class=\"wpforms-field-label-inline\" for=\"wpforms-1899-field_34_1\">5. juli kl 10.00<\/label><\/li><li class=\"choice-2 depth-1\"><input type=\"checkbox\" id=\"wpforms-1899-field_34_2\" name=\"wpforms[fields][34][]\" value=\"4. juli, kveld. \u00d8nsker hengek\u00f8ye denne kvelden (kostnadsfritt)\" required ><label class=\"wpforms-field-label-inline\" for=\"wpforms-1899-field_34_2\">4. juli, kveld. \u00d8nsker hengek\u00f8ye denne kvelden (kostnadsfritt)<\/label><\/li><li class=\"choice-3 depth-1\"><input type=\"checkbox\" id=\"wpforms-1899-field_34_3\" name=\"wpforms[fields][34][]\" value=\"4. juli, kveld. Leier DNT Vester\u00e5s (Ikke inkl i pris)\" required ><label class=\"wpforms-field-label-inline\" for=\"wpforms-1899-field_34_3\">4. juli, kveld. Leier DNT Vester\u00e5s (Ikke inkl i pris)<\/label><\/li><\/ul><div class=\"wpforms-field-description\">Hytte bookes av deltaker p\u00e5 UT.NO.<\/div><\/div><div id=\"wpforms-1899-field_24-container\" class=\"wpforms-field wpforms-field-textarea\" data-field-id=\"24\"><label class=\"wpforms-field-label\" for=\"wpforms-1899-field_24\">ANDRE OPPLYSNINGER ELLER SP\u00d8RSM\u00c5L <\/label><textarea id=\"wpforms-1899-field_24\" class=\"wpforms-field-medium\" name=\"wpforms[fields][24]\" ><\/textarea><div class=\"wpforms-field-description\">DERSOM DU \u00d8NSKER FELLES FAKTURA MED EN ANNEN P\u00c5MELDT DELTAKER; OPPGI NAVN HER<\/div><\/div><div id=\"wpforms-1899-field_33-container\" class=\"wpforms-field wpforms-field-checkbox\" data-field-id=\"33\"><label class=\"wpforms-field-label\">NYHETSBREV<\/label><ul id=\"wpforms-1899-field_33\"><li class=\"choice-1 depth-1\"><input type=\"checkbox\" id=\"wpforms-1899-field_33_1\" name=\"wpforms[fields][33][]\" value=\"Jeg \u00f8nsker \u00e5 motta nyhetsbrev fra LENGETUR\"  ><label class=\"wpforms-field-label-inline\" for=\"wpforms-1899-field_33_1\">Jeg \u00f8nsker \u00e5 motta nyhetsbrev fra LENGETUR<\/label><\/li><\/ul><\/div><div id=\"wpforms-1899-field_16-container\" class=\"wpforms-field wpforms-field-checkbox\" data-field-id=\"16\"><label class=\"wpforms-field-label\">BEKREFTELSE  <span class=\"wpforms-required-label\">*<\/span><\/label><ul id=\"wpforms-1899-field_16\" class=\"wpforms-field-required\"><li class=\"choice-1 depth-1\"><input type=\"checkbox\" id=\"wpforms-1899-field_16_1\" name=\"wpforms[fields][16][]\" value=\"Den fullstendige kurs-\/turbeskrivelsen er lest i sin helhet.\" required ><label class=\"wpforms-field-label-inline\" for=\"wpforms-1899-field_16_1\">Den fullstendige kurs-\/turbeskrivelsen er lest i sin helhet.<\/label><\/li><\/ul><\/div><\/div><!-- .wpforms-field-container --><div class=\"wpforms-submit-container\" ><input type=\"hidden\" name=\"wpforms[id]\" value=\"1899\"><input type=\"hidden\" name=\"page_title\" value=\"\"><input type=\"hidden\" name=\"page_url\" value=\"https:\/\/lengetur.no\/index.php?rest_route=\/wp\/v2\/pages\/1910\"><input type=\"hidden\" name=\"url_referer\" value=\"\"><button type=\"submit\" name=\"wpforms[submit]\" id=\"wpforms-submit-1899\" class=\"wpforms-submit\" data-alt-text=\"Sender...\" data-submit-text=\"FULLF\u00d8R\" aria-live=\"assertive\" value=\"wpforms-submit\">FULLF\u00d8R<\/button><img decoding=\"async\" src=\"https:\/\/lengetur.no\/wp-content\/plugins\/wpforms-lite\/assets\/images\/submit-spin.svg\" class=\"wpforms-submit-spinner\" style=\"display: none;\" width=\"26\" height=\"26\" alt=\"Loading\"><\/div><\/form><\/div>  <!-- .wpforms-container -->","protected":false},"excerpt":{"rendered":"","protected":false},"author":1,"featured_media":0,"parent":0,"menu_order":0,"comment_status":"closed","ping_status":"closed","template":"","meta":{"inspiro_hide_title":false,"footnotes":""},"class_list":["post-1910","page","type-page","status-publish","hentry"],"_links":{"self":[{"href":"https:\/\/lengetur.no\/index.php?rest_route=\/wp\/v2\/pages\/1910","targetHints":{"allow":["GET"]}}],"collection":[{"href":"https:\/\/lengetur.no\/index.php?rest_route=\/wp\/v2\/pages"}],"about":[{"href":"https:\/\/lengetur.no\/index.php?rest_route=\/wp\/v2\/types\/page"}],"author":[{"embeddable":true,"href":"https:\/\/lengetur.no\/index.php?rest_route=\/wp\/v2\/users\/1"}],"replies":[{"embeddable":true,"href":"https:\/\/lengetur.no\/index.php?rest_route=%2Fwp%2Fv2%2Fcomments&post=1910"}],"version-history":[{"count":1,"href":"https:\/\/lengetur.no\/index.php?rest_route=\/wp\/v2\/pages\/1910\/revisions"}],"predecessor-version":[{"id":1911,"href":"https:\/\/lengetur.no\/index.php?rest_route=\/wp\/v2\/pages\/1910\/revisions\/1911"}],"wp:attachment":[{"href":"https:\/\/lengetur.no\/index.php?rest_route=%2Fwp%2Fv2%2Fmedia&parent=1910"}],"curies":[{"name":"wp","href":"https:\/\/api.w.org\/{rel}","templated":true}]}}