{"id":1449,"date":"2022-12-04T22:40:19","date_gmt":"2022-12-04T20:40:19","guid":{"rendered":"https:\/\/lengetur.no\/?page_id=1449"},"modified":"2024-09-24T20:39:48","modified_gmt":"2024-09-24T18:39:48","slug":"hund-pa-turer-og-kurs","status":"publish","type":"page","link":"https:\/\/lengetur.no\/?page_id=1449","title":{"rendered":"&#8211; HUND P\u00c5 TURER OG KURS"},"content":{"rendered":"\n<h3 class=\"wp-block-heading has-text-align-center\">VI F\u00c5R VELDIG MANGE SP\u00d8RSM\u00c5L OM DET ER LOV \u00c5 HA MED EGEN HUND P\u00c5 V\u00c5RE TURER OG KURS.<\/h3>\n\n\n\n<figure class=\"wp-block-image size-large\"><img fetchpriority=\"high\" decoding=\"async\" width=\"1024\" height=\"768\" src=\"http:\/\/lengetur.no\/wp-content\/uploads\/2022\/07\/IMG_1697-1024x768.jpg\" alt=\"\" class=\"wp-image-1098\" srcset=\"https:\/\/lengetur.no\/wp-content\/uploads\/2022\/07\/IMG_1697-1024x768.jpg 1024w, https:\/\/lengetur.no\/wp-content\/uploads\/2022\/07\/IMG_1697-300x225.jpg 300w, https:\/\/lengetur.no\/wp-content\/uploads\/2022\/07\/IMG_1697-768x576.jpg 768w, https:\/\/lengetur.no\/wp-content\/uploads\/2022\/07\/IMG_1697-1536x1152.jpg 1536w, https:\/\/lengetur.no\/wp-content\/uploads\/2022\/07\/IMG_1697-2048x1536.jpg 2048w, https:\/\/lengetur.no\/wp-content\/uploads\/2022\/07\/IMG_1697-2000x1500.jpg 2000w\" sizes=\"(max-width: 1024px) 100vw, 1024px\" \/><\/figure>\n\n\n\n<h4 class=\"wp-block-heading\">Vi tenker at en hund er et fint bidrag i gruppa, og det har v\u00e6rt med hunder p\u00e5 flere av v\u00e5re turer og kurs!&nbsp; <\/h4>\n\n\n\n<p><strong>Det er dessverre ikke anledning til \u00e5 ha med hund p\u00e5 <a href=\"https:\/\/lengetur.no\/?page_id=126\" data-type=\"page\" data-id=\"126\">GRUNNKURS LANGTUR VINTER<\/a> og <a href=\"https:\/\/lengetur.no\/?page_id=1876\" data-type=\"page\" data-id=\"1876\">K\u00d8YE-TIL-K\u00d8YE TOTEN\u00c5SEN<\/a><\/strong><\/p>\n\n\n\n<p>*<strong>For <a href=\"https:\/\/lengetur.no\/?page_id=417\" data-type=\"page\" data-id=\"417\">B\u00d8RGEFJELL P\u00c5 TVERS<\/a> (vinter) og <a href=\"https:\/\/lengetur.no\/?page_id=360\" data-type=\"page\" data-id=\"360\">LANGSUA RUNDT <\/a> (vinter) gjelder egne bestemmelser<\/strong> (se nederst p\u00e5 siden):<\/p>\n\n\n\n<hr class=\"wp-block-separator has-alpha-channel-opacity\"\/>\n\n\n\n<p><\/p>\n\n\n\n<p><strong>Det er lov \u00e5 ha med hund under gitte forutsetninger:<\/strong><\/p>\n\n\n\n<p>-hundens ve og vel er ene og alene hundeeiers ansvar.&nbsp;<\/p>\n\n\n\n<p>-p\u00e5 vinterturer m\u00e5 man ha med potesokker, dekken, sovepose\/jervehiet og solbriller til hunden.  Unntak for polarhunder som er vant til \u00e5 ligge ute og har god underpels.<\/p>\n\n\n\n<p>-hunden m\u00e5 g\u00e5 godt sammen med b\u00e5de mennesker og andre hunder.&nbsp;<\/p>\n\n\n\n<p>-hundeeier m\u00e5 ha full kontroll p\u00e5 hunden i situasjoner i punktet over og i m\u00f8te med vilt eller beitedyr.&nbsp;I dette ligger overholdelse av b\u00e5ndtvang.<\/p>\n\n\n\n<p>-p\u00e5 turer som g\u00e5r i omr\u00e5der med mye beitedyr er det en fordel for hundeeier \u00e5 ha sauerenhetsbevis dersom det skulle oppst\u00e5 situasjoner tilknyttet beitedyr.<\/p>\n\n\n\n<p>-hunden m\u00e5 t\u00e5le belastningen ift lengde p\u00e5 tur-kurs (dager\/km) og \u00abverste tenkelig v\u00e6r\u00bb ut fra omr\u00e5de og tid p\u00e5 \u00e5ret.&nbsp;<\/p>\n\n\n\n<p>-dersom hunden av ulike grunner sinker den n\u00f8dvendige framdriften i gruppa, vil tiltak m\u00e5tte settes inn. Dette kan feks v\u00e6re \u00e5 sette hunden i pulk\/sekk, eier overtar hundens kl\u00f8v osv. I ytterste konsekvens vil dette kunne f\u00f8re til at eier og hund m\u00e5 avbryte turen.<\/p>\n\n\n\n<p>-p\u00e5 turer med fellestransport vil deltakere som er allergiske mot hunder m\u00e5tte tas hensyn til.&nbsp;Ekstrakostnader som m\u00e5tte p\u00e5l\u00f8pe her p\u00e5ligger hundeeier.<\/p>\n\n\n\n<h4 class=\"wp-block-heading\">*TILLEGGSKRAV FOR HUNDER P\u00c5 LANGE VINTERTURER:<\/h4>\n\n\n\n<p>-Kun tillatt med hunder med pels egnet for arktisk klima. Dette vil da typisk v\u00e6re raser som ulike Huskyer, Malamut, Samojed, Lakutisk laika og Lappsk Vallhund.<\/p>\n\n\n\n<p>-Hunden m\u00e5 v\u00e6re vandt med \u00e5 v\u00e6re p\u00e5 tur p\u00e5 vinter og ha opparbeidet vinterpels.<\/p>\n\n\n\n<p>-I tillegg m\u00e5 et av to f\u00f8lgende kriterier oppfylles: <\/p>\n\n\n\n<ul class=\"wp-block-list\">\n<li>Deltakelse sammen med hunden p\u00e5 v\u00e5rt <a href=\"https:\/\/lengetur.no\/?page_id=312\" data-type=\"page\" data-id=\"312\">INTROKURS VINTERFRILUFTSLIV<\/a><\/li>\n\n\n\n<li>Levere dokumentasjon p\u00e5 gjennomf\u00f8rt vinteraktivitet med overnatting i telt.<\/li>\n<\/ul>\n\n\n\n<hr class=\"wp-block-separator has-alpha-channel-opacity\"\/>\n","protected":false},"excerpt":{"rendered":"<p>VI F\u00c5R VELDIG MANGE SP\u00d8RSM\u00c5L OM DET ER LOV \u00c5 HA MED EGEN HUND P\u00c5 V\u00c5RE TURER OG KURS. Vi tenker at en hund er et fint bidrag i gruppa, og det har v\u00e6rt med hunder p\u00e5 flere av v\u00e5re turer og kurs!&nbsp; Det er dessverre ikke anledning til \u00e5 ha med hund p\u00e5 GRUNNKURS &hellip; <\/p>\n<p class=\"link-more\"><a href=\"https:\/\/lengetur.no\/?page_id=1449\" class=\"more-link\">Read more<span class=\"screen-reader-text\"> &laquo;&#8211; HUND P\u00c5 TURER OG KURS&raquo;<\/span><\/a><\/p>\n","protected":false},"author":1,"featured_media":0,"parent":0,"menu_order":0,"comment_status":"closed","ping_status":"closed","template":"","meta":{"inspiro_hide_title":false,"footnotes":""},"class_list":["post-1449","page","type-page","status-publish","hentry"],"_links":{"self":[{"href":"https:\/\/lengetur.no\/index.php?rest_route=\/wp\/v2\/pages\/1449","targetHints":{"allow":["GET"]}}],"collection":[{"href":"https:\/\/lengetur.no\/index.php?rest_route=\/wp\/v2\/pages"}],"about":[{"href":"https:\/\/lengetur.no\/index.php?rest_route=\/wp\/v2\/types\/page"}],"author":[{"embeddable":true,"href":"https:\/\/lengetur.no\/index.php?rest_route=\/wp\/v2\/users\/1"}],"replies":[{"embeddable":true,"href":"https:\/\/lengetur.no\/index.php?rest_route=%2Fwp%2Fv2%2Fcomments&post=1449"}],"version-history":[{"count":18,"href":"https:\/\/lengetur.no\/index.php?rest_route=\/wp\/v2\/pages\/1449\/revisions"}],"predecessor-version":[{"id":2409,"href":"https:\/\/lengetur.no\/index.php?rest_route=\/wp\/v2\/pages\/1449\/revisions\/2409"}],"wp:attachment":[{"href":"https:\/\/lengetur.no\/index.php?rest_route=%2Fwp%2Fv2%2Fmedia&parent=1449"}],"curies":[{"name":"wp","href":"https:\/\/api.w.org\/{rel}","templated":true}]}}