{"id":1021,"date":"2022-06-29T07:59:14","date_gmt":"2022-06-29T05:59:14","guid":{"rendered":"http:\/\/lengetur.no\/?page_id=1021"},"modified":"2023-11-14T09:57:33","modified_gmt":"2023-11-14T07:57:33","slug":"borgefjell-pa-langs","status":"publish","type":"page","link":"https:\/\/lengetur.no\/?page_id=1021","title":{"rendered":"&#8211; B\u00d8RGEFJELL SOMMER"},"content":{"rendered":"\n<h2 class=\"wp-block-heading has-text-align-center\"><strong><em><strong>3. &#8211; 8. AUGUST 2024<\/strong><\/em><\/strong><\/h2>\n\n\n\n<h3 class=\"wp-block-heading has-text-align-center\">Vi kaller det med rette en DR\u00d8MMETUR. B\u00f8rgefjell er og blir et av de mest fantastiske omr\u00e5dene i landet og en tur hit vil enten du vil eller ei sette varige spor i deg.<\/h3>\n\n\n\n<h3 class=\"wp-block-heading has-text-align-center\"><strong>Det er naturen. Dyrelivet. Fisken. V\u00e6ret. Det ur\u00f8rte. <\/strong><\/h3>\n\n\n\n<h3 class=\"wp-block-heading has-text-align-center\"><strong>Ingen stier. Ingen mobildekning.<\/strong><\/h3>\n\n\n\n<figure class=\"wp-block-image size-large is-style-default\"><img fetchpriority=\"high\" decoding=\"async\" width=\"1024\" height=\"768\" src=\"http:\/\/lengetur.no\/wp-content\/uploads\/2022\/06\/IMG_2379-1024x768.jpg\" alt=\"\" class=\"wp-image-1023\" srcset=\"https:\/\/lengetur.no\/wp-content\/uploads\/2022\/06\/IMG_2379-1024x768.jpg 1024w, https:\/\/lengetur.no\/wp-content\/uploads\/2022\/06\/IMG_2379-300x225.jpg 300w, https:\/\/lengetur.no\/wp-content\/uploads\/2022\/06\/IMG_2379-768x576.jpg 768w, https:\/\/lengetur.no\/wp-content\/uploads\/2022\/06\/IMG_2379-1536x1152.jpg 1536w, https:\/\/lengetur.no\/wp-content\/uploads\/2022\/06\/IMG_2379-2000x1500.jpg 2000w, https:\/\/lengetur.no\/wp-content\/uploads\/2022\/06\/IMG_2379.jpg 2048w\" sizes=\"(max-width: 1024px) 100vw, 1024px\" \/><figcaption class=\"wp-element-caption\">GAUKARVATNET MED KVIGTIND I BAKGRUNNEN<\/figcaption><\/figure>\n\n\n\n<p>P\u00e5 seks dager g\u00e5r vi en innholdsrik rundtur i B\u00f8rgefjell fra Tomasvatnet til Simskardet. Rundturen g\u00e5r om Jengelen, Gaukarvatnet, Store Kjukkelen, M\u00e5sskardvatnet og Simskardvatnet. Vi planlegger en dagstur p\u00e5 Kvigtind, dronninga av B\u00f8rgefjell, for de som har lyst p\u00e5 det. Totalt blir turen dr\u00f8ye seks mil lang. Underlaget og terrenget i B\u00f8rgefjell er i veldig lettg\u00e5tt, og vi overnatter i telt og m\u00e5 b\u00e6re med oss alt vi trenger for turen.<\/p>\n\n\n\n<h3 class=\"wp-block-heading\"><strong>P\u00e5 turen skal vi som alltid ha&nbsp;LENGETURs motto i bakhodet:&nbsp;<\/strong><\/h3>\n\n\n\n<figure class=\"wp-block-image aligncenter size-large is-style-default\"><img decoding=\"async\" width=\"1024\" height=\"247\" src=\"http:\/\/lengetur.no\/wp-content\/uploads\/2021\/11\/Husk-god-tid-svart-buet-kopi-2-1024x247.jpg\" alt=\"\" class=\"wp-image-608\" srcset=\"https:\/\/lengetur.no\/wp-content\/uploads\/2021\/11\/Husk-god-tid-svart-buet-kopi-2-1024x247.jpg 1024w, https:\/\/lengetur.no\/wp-content\/uploads\/2021\/11\/Husk-god-tid-svart-buet-kopi-2-300x72.jpg 300w, https:\/\/lengetur.no\/wp-content\/uploads\/2021\/11\/Husk-god-tid-svart-buet-kopi-2-768x185.jpg 768w, https:\/\/lengetur.no\/wp-content\/uploads\/2021\/11\/Husk-god-tid-svart-buet-kopi-2-1536x370.jpg 1536w, https:\/\/lengetur.no\/wp-content\/uploads\/2021\/11\/Husk-god-tid-svart-buet-kopi-2-2048x493.jpg 2048w, https:\/\/lengetur.no\/wp-content\/uploads\/2021\/11\/Husk-god-tid-svart-buet-kopi-2-2000x481.jpg 2000w\" sizes=\"(max-width: 1024px) 100vw, 1024px\" \/><\/figure>\n\n\n\n<figure class=\"wp-block-image size-large is-style-default\"><img decoding=\"async\" width=\"1024\" height=\"768\" src=\"http:\/\/lengetur.no\/wp-content\/uploads\/2022\/06\/IMG_3506-1024x768.jpg\" alt=\"\" class=\"wp-image-1029\" srcset=\"https:\/\/lengetur.no\/wp-content\/uploads\/2022\/06\/IMG_3506-1024x768.jpg 1024w, https:\/\/lengetur.no\/wp-content\/uploads\/2022\/06\/IMG_3506-300x225.jpg 300w, https:\/\/lengetur.no\/wp-content\/uploads\/2022\/06\/IMG_3506-768x576.jpg 768w, https:\/\/lengetur.no\/wp-content\/uploads\/2022\/06\/IMG_3506-1536x1152.jpg 1536w, https:\/\/lengetur.no\/wp-content\/uploads\/2022\/06\/IMG_3506-2048x1536.jpg 2048w, https:\/\/lengetur.no\/wp-content\/uploads\/2022\/06\/IMG_3506-2000x1500.jpg 2000w\" sizes=\"(max-width: 1024px) 100vw, 1024px\" \/><figcaption class=\"wp-element-caption\">LUNSJ OPPUNDER TUNNURFJELLET<\/figcaption><\/figure>\n\n\n\n<h2 class=\"wp-block-heading\"><strong>OM TUREN:<\/strong><\/h2>\n\n\n\n<h2 class=\"wp-block-heading\"><strong>3. &#8211; 8. august 2024.<\/strong><\/h2>\n\n\n\n<p>Turen g\u00e5r over seks dager med\u00a0<strong>oppm\u00f8te 3. august kl 1200 ved Tomasvatnet.\u00a0<\/strong><\/p>\n\n\n\n<p>Med unntak av de aller f\u00f8rste og de aller siste kilometerne g\u00e5r vi i \u00e5pent landskap over tregrensa. Terrenget er i all hovedsak veldig lettg\u00e5tt langs planlagt rute. Vi tenker dagsetapper p\u00e5 10-13km, og vi har muligheten til \u00e5 ta to netter i en av leirene underveis.<\/p>\n\n\n\n<p>At vi beveger oss i \u00e5pent fjellandskap betyr at vi blir veldig v\u00e6rutsatte.&nbsp;Det er derfor viktig at du som deltaker&nbsp;er forberedt p\u00e5 at vi kan f\u00e5 alle typer v\u00e6r.&nbsp;V\u00e5re erfarne turledere vil bist\u00e5 deg b\u00e5de i forkant og under turen og selvf\u00f8lgelig l\u00e6re bort et triks eller to underveis ogs\u00e5.&nbsp;Du skal alltid ha l\u00e6rt noe nytt etter \u00e5 ha v\u00e6rt med oss p\u00e5 tur.<\/p>\n\n\n\n<figure class=\"wp-block-image size-large is-style-default\"><img loading=\"lazy\" decoding=\"async\" width=\"1024\" height=\"768\" src=\"http:\/\/lengetur.no\/wp-content\/uploads\/2022\/06\/IMG_3504-1024x768.jpg\" alt=\"\" class=\"wp-image-1025\" srcset=\"https:\/\/lengetur.no\/wp-content\/uploads\/2022\/06\/IMG_3504-1024x768.jpg 1024w, https:\/\/lengetur.no\/wp-content\/uploads\/2022\/06\/IMG_3504-300x225.jpg 300w, https:\/\/lengetur.no\/wp-content\/uploads\/2022\/06\/IMG_3504-768x576.jpg 768w, https:\/\/lengetur.no\/wp-content\/uploads\/2022\/06\/IMG_3504-1536x1152.jpg 1536w, https:\/\/lengetur.no\/wp-content\/uploads\/2022\/06\/IMG_3504-2048x1536.jpg 2048w, https:\/\/lengetur.no\/wp-content\/uploads\/2022\/06\/IMG_3504-2000x1500.jpg 2000w\" sizes=\"(max-width: 1024px) 100vw, 1024px\" \/><figcaption class=\"wp-element-caption\">STORFOSSEN I SOLNEDGANG<\/figcaption><\/figure>\n\n\n\n<h2 class=\"wp-block-heading\"><strong>DAGSPROGRAM<\/strong><\/h2>\n\n\n\n<p>Vi har lagt en dagsplan, men samtidig vil denne turen ogs\u00e5 bli litt til mens vi g\u00e5r. Godt fiske, interessante avstikkere og en topptur er elementer som vil kunne p\u00e5virke rutevalg og etapper. I tillegg har vi v\u00e6ret og vannf\u00f8ringa i elver vi m\u00e5 krysse p\u00e5 planlagt rute. Alt som gj\u00f8r en tur i B\u00f8rgefjell ekstra spesiell.&nbsp;<\/p>\n\n\n\n<p><strong>DAG 1, 3.august<\/strong><\/p>\n\n\n\n<p><strong><strong>Oppm\u00f8te kl 1200 p\u00e5 parkeringa ved Tomasvatnet. <\/strong>Dersom du kommer med tog skal du g\u00e5 av p\u00e5 Majavatn. Nordg\u00e5ende tog fra Trondheim stopper her kl 12.14, og vi s\u00f8rger for skyss fra stasjonen. Aktuelt tog fra Bod\u00f8 er p\u00e5 Majavatn p\u00e5 ettermiddagen 30. juli.<\/strong><\/p>\n\n\n\n<p>Etter utdeling av mat og fordeling av fellesutstyr skal vi 300 h\u00f8ydemeter opp p\u00e5 de f\u00f8rste kilometerne, s\u00e5 vi g\u00e5r rolig avg\u00e5rde. F\u00f8rste leir blir ved Storelvh\u00f8gda.<\/p>\n\n\n\n<p><strong>DAG 2-4, 4-6. august<\/strong><\/p>\n\n\n\n<p>I dag g\u00e5r vi etter kort tid inn i nasjonalparken med retning Jengelvatnet. Videre er ruta de neste dagene tenkt om Gaukarvatnet, opp til Store Kjukkelen og til sist til M\u00e5sskardvatnet. Eksakt rute og lengde p\u00e5 dagsetappene vil i noen grad bestemmes ut fra v\u00e6r, vannf\u00f8ring og gruppas \u00f8nsker, men vi tenker \u00e5 sl\u00e5 leir ved et av B\u00f8rgefjells mange fiskevann hver dag.<\/p>\n\n\n\n<p><strong>DAG 5, 7. august<\/strong><\/p>\n\n\n\n<p>I dag er Kvigtind, dronninga av B\u00f8rgefjell, m\u00e5let for de som \u00f8nsker seg en tur opp i h\u00f8yden med lett sekk. Fra leir p\u00e5 ca 900 moh skal vi opp til 1699. For de som i stedet vil pr\u00f8ve fiskelykken i og rundt M\u00e5sskardvatnet er det \u00e5pent for det. Vi kan ogs\u00e5 anbefale aktiviteten \u00ablynging\u00bb: Ligge i lyngen og la hvilepulsen komme og dagen g\u00e5. Vi har to alternative leirplasser denne ettermiddagen: Ligge en natt til ved M\u00e5sskardvatnet eller ta med oss oppakningen og g\u00e5 de sju kilometerne til leir ved Simskardvatnet.<\/p>\n\n\n\n<p><strong>DAG 6, 8. august<\/strong><\/p>\n\n\n\n<p>Vi g\u00e5r ned til Fiplingdalen gjennom Biseggskardet eller Simskardet alt etter hvor vi har hatt nattens leir. Herfra fraktes alle tilbake til Tomasvatnet\/Majavatn med biler vi har plassert ut f\u00f8r turstart. Takk for turen!<\/p>\n\n\n\n<h3 class=\"wp-block-heading\"><strong>PRAKTISK INFO<\/strong><\/h3>\n\n\n\n<p><strong>Det forutsettes god fysikk:<\/strong>&nbsp;Dvs at deltakerne ved turstart er i stand til \u00e5 b\u00e6re sekk p\u00e5 20-25 kg i inntil seks timer hver dag. Gangfart ca tre km\/t. Vi tar korte pauser med p\u00e5fyll av v\u00e5tt og t\u00f8rt hver halvtime.<\/p>\n\n\n\n<p>LENGETUR kan bidra med tips og oppf\u00f8lging i forhold til enkel trening for \u00e5 komme i fin form til turen. To-tre \u00f8kter i uka med tung sekk fram til turstart gj\u00f8r susen!&nbsp;<\/p>\n\n\n\n<p>Turleder har anledning til \u00e5 nekte deltaker \u00e5 delta p\u00e5 turen dersom vedkommende har med mangelfullt utstyr eller hvis den fysiske tilstanden ikke er p\u00e5 det niv\u00e5et turen krever. Deltaker kan av samme grunn bli bedt om \u00e5 avbryte turen underveis. Dersom turleder m\u00e5 ta denne avgj\u00f8relsen, m\u00e5 deltaker dekke de utgiftene som m\u00e5tte komme til for arrang\u00f8ren og deltakeren selv som f\u00f8lge av dette.&nbsp;<\/p>\n\n\n\n<p>Det forutsettes at deltakerne har utstyr som er tilpasset og egnet for denne type tur. Dersom man ikke har eget eller ikke \u00f8nsker \u00e5 benytte eget telt, stiller&nbsp;<a href=\"https:\/\/barentsoutdoor.no\/\" target=\"_blank\" rel=\"noreferrer noopener\">BARENTS OUTDOOR<\/a>&nbsp;med et antall lettvekts l\u00e5netelt. Det er ogs\u00e5 mulig \u00e5 l\u00e5ne noe annet utstyr dersom man mangler noe p\u00e5 utstyrslista.<\/p>\n\n\n\n<p>Du skal selv kontrollere alt utstyr f\u00f8r turstart slik at du vet at det t\u00e5ler turen og at du feks ikke f\u00e5r gnags\u00e5r av fjellst\u00f8vlene.<\/p>\n\n\n\n<p>Vi f\u00f8lger opp p\u00e5 e-post alle sp\u00f8rsm\u00e5l du m\u00e5tte ha helt fram til turstart. Ca to uker f\u00f8r turen vil vi holde et Teamsm\u00f8te for deltakerne. Det er frivillig \u00e5 v\u00e6re med p\u00e5 dette m\u00f8tet da det kanskje ikke passer for alle i ferien.&nbsp;<\/p>\n\n\n\n<p>Det er lov \u00e5 ha med hund p\u00e5 v\u00e5re turer s\u00e5 lenge man f\u00f8lger v\u00e5re retningslinjer for dette. Les mer om hund p\u00e5 tur&nbsp;<a href=\"https:\/\/lengetur.no\/?page_id=1449\">HER<\/a>.<\/p>\n\n\n\n<p><strong>Ansvarlig turleder:&nbsp;<a href=\"https:\/\/lengetur.no\/?page_id=185\">Tor-Gunnar Skibakk<\/a>. Turleder nr to er ikke bestemt pr dd. Les mer om v\u00e5re dyktige turledere&nbsp;<\/strong><a href=\"https:\/\/lengetur.no\/?page_id=114\"><strong>HER<\/strong><\/a><\/p>\n\n\n\n<figure class=\"wp-block-image size-full is-style-default\"><img loading=\"lazy\" decoding=\"async\" width=\"960\" height=\"720\" src=\"http:\/\/lengetur.no\/wp-content\/uploads\/2022\/06\/IMG_3544.jpg\" alt=\"\" class=\"wp-image-1027\" srcset=\"https:\/\/lengetur.no\/wp-content\/uploads\/2022\/06\/IMG_3544.jpg 960w, https:\/\/lengetur.no\/wp-content\/uploads\/2022\/06\/IMG_3544-300x225.jpg 300w, https:\/\/lengetur.no\/wp-content\/uploads\/2022\/06\/IMG_3544-768x576.jpg 768w\" sizes=\"(max-width: 960px) 100vw, 960px\" \/><figcaption class=\"wp-element-caption\">LEIR MOT KVIGTIND<\/figcaption><\/figure>\n\n\n\n<h2 class=\"wp-block-heading\"><strong>P\u00c5MELDING OG PRIS<\/strong><\/h2>\n\n\n\n<p>Det er 12 plasser p\u00e5 turen. Minimum fem deltakere for at turen skal bli gjennomf\u00f8rt.<\/p>\n\n\n\n<p><strong><a href=\"https:\/\/lengetur.no\/?page_id=1362\" data-type=\"page\" data-id=\"1362\">V\u00c5RE BETALINGSBETINGELSER<\/a><\/strong><\/p>\n\n\n\n<h2 class=\"wp-block-heading\">\u00c5PNER FOR P\u00c5MELDING MAI 2024<\/h2>\n\n\n\n<h3 class=\"wp-block-heading has-black-color has-text-color\"><a href=\"http:\/\/lengetur.no\/?page_id=1049\" data-type=\"page\" data-id=\"1049\">LAST NED UTSTYRSLISTE HER<\/a><\/h3>\n\n\n\n<h2 class=\"wp-block-heading\"><strong>DELTAKERAVGIFT INKLUDERER:<\/strong><\/h2>\n\n\n\n<ul class=\"wp-block-list\">\n<li>Oppf\u00f8lging i forberedelsene og veiledning p\u00e5 utstyr<\/li>\n\n\n\n<li>Utfyllende utstyrsliste<\/li>\n\n\n\n<li>Felles forberedelsesm\u00f8te p\u00e5 Teams ca to uker f\u00f8r turen<\/li>\n\n\n\n<li>Oppl\u00e6ring underveis p\u00e5 turen<\/li>\n\n\n\n<li>Mulighet for \u00e5 l\u00e5ne telt og noe annet utstyr.<\/li>\n\n\n\n<li>Alle hovedm\u00e5ltider hver dag (REAL turmat). F\u00f8rste m\u00e5ltid er lunsj dag 1. Totalt 16 m\u00e5ltider.<\/li>\n\n\n\n<li>N\u00f8dvendig sikkerhets- og f\u00f8rstehjelpsutstyr p\u00e5 gruppeniv\u00e5<\/li>\n<\/ul>\n\n\n\n<p><\/p>\n\n\n\n<h2 class=\"wp-block-heading\"><strong>DELTAKERAVGIFT INKLUDERER IKKE:<\/strong><\/h2>\n\n\n\n<ul class=\"wp-block-list\">\n<li>Annen mat og drikke ut over det som er nevnt i turbeskrivelsen.<\/li>\n\n\n\n<li>Transport bosted \u2013 Tomasvatn t\/r<\/li>\n\n\n\n<li>Fiskekort<\/li>\n\n\n\n<li>Kart over omr\u00e5det. Kart.nr 3031 i Nordeca Topo-serie. Kan ogs\u00e5 lastes ned fra norgeskart.no<\/li>\n\n\n\n<li>Personlig utstyr.<\/li>\n\n\n\n<li>Privat reiseforsikring\/ulykkesforsikring som dekker denne type tur. Forsikring av private eiendeler.&nbsp;<\/li>\n<\/ul>\n\n\n\n<h2 class=\"wp-block-heading has-text-align-center\"><a href=\"http:\/\/lengetur.no\/?page_id=1021\" data-type=\"page\" data-id=\"1021\">TIL TOPPEN<\/a><\/h2>\n","protected":false},"excerpt":{"rendered":"<p>3. &#8211; 8. AUGUST 2024 Vi kaller det med rette en DR\u00d8MMETUR. B\u00f8rgefjell er og blir et av de mest fantastiske omr\u00e5dene i landet og en tur hit vil enten du vil eller ei sette varige spor i deg. Det er naturen. Dyrelivet. Fisken. V\u00e6ret. Det ur\u00f8rte. Ingen stier. Ingen mobildekning. P\u00e5 seks dager g\u00e5r &hellip; <\/p>\n<p class=\"link-more\"><a href=\"https:\/\/lengetur.no\/?page_id=1021\" class=\"more-link\">Read more<span class=\"screen-reader-text\"> &laquo;&#8211; B\u00d8RGEFJELL SOMMER&raquo;<\/span><\/a><\/p>\n","protected":false},"author":1,"featured_media":1023,"parent":0,"menu_order":0,"comment_status":"closed","ping_status":"closed","template":"","meta":{"inspiro_hide_title":false,"footnotes":""},"class_list":["post-1021","page","type-page","status-publish","has-post-thumbnail","hentry"],"_links":{"self":[{"href":"https:\/\/lengetur.no\/index.php?rest_route=\/wp\/v2\/pages\/1021","targetHints":{"allow":["GET"]}}],"collection":[{"href":"https:\/\/lengetur.no\/index.php?rest_route=\/wp\/v2\/pages"}],"about":[{"href":"https:\/\/lengetur.no\/index.php?rest_route=\/wp\/v2\/types\/page"}],"author":[{"embeddable":true,"href":"https:\/\/lengetur.no\/index.php?rest_route=\/wp\/v2\/users\/1"}],"replies":[{"embeddable":true,"href":"https:\/\/lengetur.no\/index.php?rest_route=%2Fwp%2Fv2%2Fcomments&post=1021"}],"version-history":[{"count":41,"href":"https:\/\/lengetur.no\/index.php?rest_route=\/wp\/v2\/pages\/1021\/revisions"}],"predecessor-version":[{"id":2053,"href":"https:\/\/lengetur.no\/index.php?rest_route=\/wp\/v2\/pages\/1021\/revisions\/2053"}],"wp:featuredmedia":[{"embeddable":true,"href":"https:\/\/lengetur.no\/index.php?rest_route=\/wp\/v2\/media\/1023"}],"wp:attachment":[{"href":"https:\/\/lengetur.no\/index.php?rest_route=%2Fwp%2Fv2%2Fmedia&parent=1021"}],"curies":[{"name":"wp","href":"https:\/\/api.w.org\/{rel}","templated":true}]}}