{"id":923,"date":"2022-05-03T12:15:03","date_gmt":"2022-05-03T10:15:03","guid":{"rendered":"http:\/\/lengetur.no\/?page_id=923"},"modified":"2024-06-18T13:12:48","modified_gmt":"2024-06-18T11:12:48","slug":"breheimen-rundt-25-30-juli","status":"publish","type":"page","link":"http:\/\/lengetur.no\/?page_id=923","title":{"rendered":"&#8211; BREHEIMEN RUNDT"},"content":{"rendered":"\n<h2 class=\"wp-block-heading has-text-align-center\">KOMMER I JULI 2025.<\/h2>\n\n\n\n<p>Et fantastisk og uber\u00f8rt landskap. Et lite bes\u00f8kt og helt dekningsfritt omr\u00e5de. Overnatting i telt, p\u00e5 selvbetjent DNT-hytte og p\u00e5 betjent DNT-hytte med treretters middag.<\/p>\n\n\n\n<figure class=\"wp-block-image size-large is-style-default\"><img fetchpriority=\"high\" decoding=\"async\" width=\"1024\" height=\"768\" src=\"http:\/\/lengetur.no\/wp-content\/uploads\/2021\/09\/IMG_3449-2-2-1024x768.jpg\" alt=\"\" class=\"wp-image-57\" srcset=\"http:\/\/lengetur.no\/wp-content\/uploads\/2021\/09\/IMG_3449-2-2-1024x768.jpg 1024w, http:\/\/lengetur.no\/wp-content\/uploads\/2021\/09\/IMG_3449-2-2-300x225.jpg 300w, http:\/\/lengetur.no\/wp-content\/uploads\/2021\/09\/IMG_3449-2-2-768x576.jpg 768w, http:\/\/lengetur.no\/wp-content\/uploads\/2021\/09\/IMG_3449-2-2-1536x1152.jpg 1536w, http:\/\/lengetur.no\/wp-content\/uploads\/2021\/09\/IMG_3449-2-2-2048x1536.jpg 2048w, http:\/\/lengetur.no\/wp-content\/uploads\/2021\/09\/IMG_3449-2-2-2000x1500.jpg 2000w\" sizes=\"(max-width: 1024px) 100vw, 1024px\" \/><figcaption class=\"wp-element-caption\">FINNES DET EN VAKRERE PLASS I NORGE ENN LUNDADALEN?<\/figcaption><\/figure>\n\n\n\n<p>Om dette er noe du s\u00f8ker, s\u00e5 er <strong>BREHEIMEN RUNDT<\/strong> turen for deg! For femte gang arrangerer vi denne seksdagersturen fra H\u00f8ydalen i Lom via N\u00f8rdstedalseter og Trulsbu til Lundadalen i Skj\u00e5k. Turen er for deg som liker \u00e5 g\u00e5 turer med tung sekk (20-25kg). Krever en viss fysisk form ved turstart, men litt m\u00e5lrettet trening to-tre ganger i uka i fire til fem uker f\u00f8r turstart gj\u00f8r susen! For de som ikke har telt eller ikke \u00f8nsker \u00e5 bruke sitt eget, stiller v\u00e5r samarbeidspartner <a href=\"https:\/\/barentsoutdoor.no\" data-type=\"URL\" data-id=\"https:\/\/barentsoutdoor.no\"><strong>BARENTS OUTDOOR<\/strong><\/a> med utl\u00e5nstelt.<\/p>\n\n\n\n<div class=\"wp-block-columns is-layout-flex wp-container-core-columns-is-layout-28f84493 wp-block-columns-is-layout-flex\">\n<div class=\"wp-block-column is-layout-flow wp-block-column-is-layout-flow\">\n<h3 class=\"wp-block-heading\"><a href=\"#praktisk-info\" data-type=\"internal\" data-id=\"#praktisk-info\">PRAKTISK INFO<\/a><\/h3>\n<\/div>\n\n\n\n<div class=\"wp-block-column is-layout-flow wp-block-column-is-layout-flow\">\n<h3 class=\"wp-block-heading\"><a href=\"#P\u00c5MELDING-PRIS\" data-type=\"internal\" data-id=\"#P\u00c5MELDING-PRIS\">PRISER, OVERNATTING OG P\u00c5MELDING<\/a><\/h3>\n<\/div>\n\n\n\n<div class=\"wp-block-column is-layout-flow wp-block-column-is-layout-flow\">\n<h3 class=\"wp-block-heading\"><a href=\"#UTSTYR-BREHEIMEN\" data-type=\"internal\" data-id=\"#UTSTYR-BREHEIMEN\">UTSTYRSLISTE<\/a><\/h3>\n<\/div>\n<\/div>\n\n\n\n<h2 class=\"wp-block-heading\">DAGSPROGRAM<\/h2>\n\n\n\n<p><strong>DAG 1, <\/strong><\/p>\n\n\n\n<p>Oppm\u00f8te i Lom kl 1200. Avreise med buss til H\u00f8ydalsseter kl 1300. Etappen som skal g\u00e5s i dag er p\u00e5 kun 3 km p\u00e5 kjerrevei. Fra H\u00f8ydalsseter skal vi opp 200 h\u00f8ydemeter til idylliske H\u00f8y\u00f8yen, s\u00e5 vi g\u00e5r i rolig tempo. Her sl\u00e5r vi leir for natta. I l\u00f8pet av ettermiddagen f\u00e5r deltakerne innf\u00f8ring i navigasjon med kart og kompass. Utover kvelden er det ogs\u00e5 mulig \u00e5 pr\u00f8ve fiskelykken for de som vil det.<\/p>\n\n\n\n<p><strong>DAG 2, <\/strong><\/p>\n\n\n\n<p>Dagens etappe ender opp p\u00e5 N\u00f8rdstedalseter og er 12 km lang. Vi starter med stigning fra 1150 moh til 1420 moh fordelt p\u00e5 den f\u00f8rste halvannen kilometeren. Derfra er det variert og sm\u00e5kupert terreng fram til vi m\u00f8ter stien fra Sognefjellshytta ved \u00d8vre Gr\u00f8nevatnet. I dette omr\u00e5det tester vi ut navigasjonen vi \u00f8vde p\u00e5 i g\u00e5r kveld. Resten av etappen er nedover og flatt p\u00e5 god sti ned gjennom vakre Vetledalen. Vi starter kl 0900 slik at vi har god tid underveis og har tid til \u00e5 slappe av litt f\u00f8r vi f\u00e5r servert treretters middag p\u00e5 N\u00f8rdstedalseter. Her er det trivelige vertskapet kjent for \u00e5 servere meget god lokalbasert husmannskost. Alltid noe \u00e5 glede seg til!<\/p>\n\n\n\n<p><strong>DAG 3, <\/strong><\/p>\n\n\n\n<p>Ogs\u00e5 i dag pr\u00f8ver vi \u00e5 komme oss avg\u00e5rde ca kl 0900 slik at vi har god tid gjennom dagen. Turens lengste etappe p\u00e5 16 km ligger foran oss og den er todelt: F\u00f8rste halvdel g\u00e5r p\u00e5 fin grusvei i slak motbakke innover Middalen og opp til Middalsvatnet. Derfra blir det variert underlag: Sti, ur, blokkmark, sn\u00f8 og mose pluss en enkel elvekrysning. Etappens h\u00f8yeste punkt er Lundadalsbandet etter 12 km. Derfra er det flatt og nedover til den gr\u00f8nne oasen Trulsbu. Denne sv\u00e6rt lite bes\u00f8kte DNT-hytta ligger utrolig vakkert til ved foten av Hol\u00e5tindan og med utsikt mot Hestebreapiggane og Lundadalen. Til middag lager vi i fellesskap en \u00abLENGETUR spesial\u00bb.<\/p>\n\n\n\n<p><strong>DAG 4, <\/strong><\/p>\n\n\n\n<p>Dette er dagen hvor vi kan bruke litt lengre tid p\u00e5 frokost. Etter at vi har vasket oss ut av hytta rusler vi de ti kilometerne i kanten av Lundadalsvatnet bort til Lundadalsosen. Her lager vi oss en fin leir hvor vi skal sove to netter. For de som har med fiskestang er det mulig \u00e5 f\u00e5 p\u00e5 noen skikkelige \u00f8rret-rugger i utosen om vi treffer riktig med vann og temperatur.<\/p>\n\n\n\n<p><strong>DAG 5, <\/strong><\/p>\n\n\n\n<p>Topptur med lett sekk til Hestdalsh\u00f8gdi p\u00e5 2082moh for de som \u00f8nsker det. De som vil slappe av i lyngen, s\u00e5kalt \u00ablynging\u00bb gj\u00f8r det. Man kan bade, fiske eller g\u00e5 sm\u00e5turer i n\u00e6romr\u00e5det.&nbsp;<\/p>\n\n\n\n<p><strong>DAG 6,<\/strong><\/p>\n\n\n\n<p>Siste etappe ut til Heimaste Lundadalss\u00e6tre. 12 km p\u00e5 meget god sti. F\u00f8rste ni kilometerne g\u00e5r helt flatt ut dalen f\u00f8r vi slipper oss ned 300 h\u00f8ydemeter. Der venter bussen p\u00e5 oss for \u00e5 frakte oss tilbake til Lom. Pga av bussen er dette den eneste dagen vi passer litt p\u00e5 tida. Turen avsluttes med pizza p\u00e5 Nordal i Lom for alle.&nbsp;<\/p>\n\n\n\n<figure class=\"wp-block-image size-large is-style-default\"><img decoding=\"async\" width=\"1024\" height=\"768\" src=\"http:\/\/lengetur.no\/wp-content\/uploads\/2021\/09\/IMG_1929-2-2-1024x768.jpg\" alt=\"\" class=\"wp-image-55\" srcset=\"http:\/\/lengetur.no\/wp-content\/uploads\/2021\/09\/IMG_1929-2-2-1024x768.jpg 1024w, http:\/\/lengetur.no\/wp-content\/uploads\/2021\/09\/IMG_1929-2-2-300x225.jpg 300w, http:\/\/lengetur.no\/wp-content\/uploads\/2021\/09\/IMG_1929-2-2-768x576.jpg 768w, http:\/\/lengetur.no\/wp-content\/uploads\/2021\/09\/IMG_1929-2-2-1536x1152.jpg 1536w, http:\/\/lengetur.no\/wp-content\/uploads\/2021\/09\/IMG_1929-2-2-2048x1536.jpg 2048w, http:\/\/lengetur.no\/wp-content\/uploads\/2021\/09\/IMG_1929-2-2-2000x1500.jpg 2000w\" sizes=\"(max-width: 1024px) 100vw, 1024px\" \/><figcaption class=\"wp-element-caption\">HESTDALSH\u00d8GDI 2083 moh<\/figcaption><\/figure>\n\n\n\n<h2 class=\"wp-block-heading\" id=\"praktisk-info\">PRAKTISK INFO:<\/h2>\n\n\n\n<p><strong>TURLEDERE: <\/strong>Ikke satt opp pr dd. Les mer om v\u00e5re dyktige turledere <strong><a href=\"https:\/\/lengetur.no\/?page_id=114\" data-type=\"page\" data-id=\"114\">HER<\/a><\/strong><\/p>\n\n\n\n<p><strong><em>Det forutsettes normalt god fysikk:&nbsp;<\/em><\/strong><em>Dvs at deltakerne&nbsp;<strong>ved turstart&nbsp;<\/strong>er i stand til \u00e5 g\u00e5 og b\u00e6re sekk p\u00e5 20-25kg i inntil seks-syv timer (dag 2 og 3). Gangfart ca tre km\/t. Vi tar korte pauser hver halvtime. P\u00e5 topptur er sekken p\u00e5 maks ti kg.<br>Arrang\u00f8ren kan bidra med tips i forhold til enkel trening for \u00e5 komme i fin form til turen. To-tre \u00f8kter med sekk i uka i 4-5 uker f\u00f8r turstart gj\u00f8r susen!<\/em><\/p>\n\n\n\n<p>Det forutsettes at deltakerne har utstyr som er tilpasset og egnet for denne type tur. Se utstyrsliste for mer info!&nbsp;<\/p>\n\n\n\n<p>Turleder har anledning til \u00e5 nekte deltaker \u00e5 starte turen dersom vedkommende har med mangelfullt utstyr eller hvis den fysiske tilstanden ikke er p\u00e5 det niv\u00e5et turen krever. Deltaker kan av samme grunne bli bedt om \u00e5 avbryte turen underveis. Dersom turleder m\u00e5 ta denne avgj\u00f8relsen, m\u00e5 deltaker dekke de utgiftene som m\u00e5tte komme til for arrang\u00f8ren og deltakeren selv som f\u00f8lge av dette.&nbsp;<\/p>\n\n\n\n<p>Du skal selv kontrollere alt utstyr f\u00f8r turstart slik at du vet at det t\u00e5ler turen og at du feks ikke f\u00e5r gnags\u00e5r av fjellst\u00f8vlene.<\/p>\n\n\n\n<p>Vi f\u00f8lger opp p\u00e5 e-post alle sp\u00f8rsm\u00e5l du m\u00e5tte ha helt fram til turstart. Ca to uker f\u00f8r turen vil vi holde et Teamsm\u00f8te for deltakerne.<\/p>\n\n\n\n<p>Det m\u00e5 v\u00e6re minimum fem deltakere for at turen skal bli gjennomf\u00f8rt. Maksimum tolv deltakere p\u00e5 turen.&nbsp;<\/p>\n\n\n\n<p>Det er lov \u00e5 ha med hund p\u00e5 v\u00e5re turer s\u00e5 lenge man f\u00f8lger v\u00e5re retningslinjer for dette. Les mer om hund p\u00e5 tur <a href=\"https:\/\/lengetur.no\/?page_id=1449\" data-type=\"page\" data-id=\"1449\">HER<\/a>.<\/p>\n\n\n\n<p><em>Det er pliktig \u00e5 lese turbeskrivelsen i sin helhet og bekrefte ved p\u00e5melding at s\u00e5 er gjort.&nbsp;<\/em><\/p>\n\n\n\n<h3 class=\"wp-block-heading\">OVERNATTING OG BESPISNING<\/h3>\n\n\n\n<p>Ved <strong>H\u00f8y\u00f8yen og Lundadalsosen<\/strong> bor alle i telt. For de som ikke har eget telt eller ikke \u00f8nsker \u00e5 bruke eget telt, stiller <strong>Barents Outdoor<\/strong> telt til l\u00e5ns. Det kan da hende man m\u00e5 dele telt med en annen turdeltaker.<\/p>\n\n\n\n<p>P\u00e5&nbsp;<strong>N\u00f8rdstedalseter<\/strong>&nbsp;kan du velge om du vil bo inne eller i telt. Alle deltakere har fullpensjon.&nbsp;<\/p>\n\n\n\n<p>P\u00e5&nbsp;<strong>Trulsbu<\/strong>&nbsp;bor i utgangspunktet alle inne, men de som \u00f8nsker \u00e5 bo ute i telt gj\u00f8r det. Vi ordner i fellesskap den tradisjonelle middagen \u00abLENGETUR spesial\u00bb.&nbsp;<\/p>\n\n\n\n<p>\u00d8vrig mat er REAL turmat.<\/p>\n\n\n\n<p>Det er ogs\u00e5 viktig \u00e5 ha med tilstrekkelig med snacks\/godteri\/n\u00f8tteblandinger p\u00e5 de ulike turene. Dette er beskrevet i utstyrslista og er ikke inkludert i deltakeravgift.<\/p>\n\n\n\n<p>Pizza p\u00e5 Nordal i Lom etter turen<\/p>\n\n\n\n<p><strong><a href=\"https:\/\/lengetur.no\/?page_id=1362\" data-type=\"page\" data-id=\"1362\">V\u00c5RE BETALINGSBETINGELSER<\/a><\/strong><\/p>\n\n\n\n<h2 class=\"wp-block-heading\">PRIS OG P\u00c5MELDING :<\/h2>\n\n\n\n<p><strong>Kommer i april 2025.<\/strong><\/p>\n\n\n\n<p><strong>DELTAKERAVGIFT INKLUDERER:<\/strong><\/p>\n\n\n\n<p>Alle hovedm\u00e5ltider, bl.a treretters middag p\u00e5 N\u00f8rdstedals\u00e6ter.&nbsp;<\/p>\n\n\n\n<p>Oppf\u00f8lging i forberedelsene og veiledning p\u00e5 trening og utstyr<\/p>\n\n\n\n<p>Forberedelsesm\u00f8te p\u00e5 Teams ca to uker f\u00f8r turen.<\/p>\n\n\n\n<p>Utfyllende utstyrsliste&nbsp;<\/p>\n\n\n\n<p>To turledere<\/p>\n\n\n\n<p>Kart over omr\u00e5det<\/p>\n\n\n\n<p>Overnatting inne eller i telt (valgfritt p\u00e5 N\u00f8rdstedalsseter)<\/p>\n\n\n\n<p>L\u00e5n av telt fra Barents Outdoor for de som ikke har eget telt<\/p>\n\n\n\n<p>Transport fra Lom til H\u00f8ydals\u00e6ter dag 1<\/p>\n\n\n\n<p>Transport fra Heimaste Lundadals\u00e6tre til Lom dag 6<\/p>\n\n\n\n<p>Sikkerhetsutstyr p\u00e5 gruppeniv\u00e5 som n\u00f8dpeiler, samband og f\u00f8rstehjelp<\/p>\n\n\n\n<p>Oppl\u00e6ring i kart og kompass underveis p\u00e5 turen<\/p>\n\n\n\n<p>Pizza p\u00e5 Nordal i Lom etter endt tur.<\/p>\n\n\n\n<p><strong>DELTAKERAVGIFT INKLUDERER IKKE:<\/strong><\/p>\n\n\n\n<p>Mat og drikke ut over det som er nevnt i turbeskrivelsen<\/p>\n\n\n\n<p>Snacks og godteri man trenger utenom m\u00e5ltidene<\/p>\n\n\n\n<p>Transport mellom bosted og Lom t\/r<\/p>\n\n\n\n<p>Drikke til m\u00e5ltider<\/p>\n\n\n\n<p>Personlig utstyr<\/p>\n\n\n\n<p>Privat reiseforsikring\/ulykkesforsikring som dekker denne type tur. Forsikring av private eiendeler.&nbsp;<\/p>\n\n\n\n<h2 class=\"wp-block-heading\" id=\"UTSTYR-BREHEIMEN\"><a href=\"http:\/\/lengetur.no\/?page_id=986\" data-type=\"page\" data-id=\"986\">UTSTYRSLISTE<\/a><\/h2>\n\n\n\n<h2 class=\"wp-block-heading has-text-align-center\"><a href=\"http:\/\/lengetur.no\/?page_id=923\" data-type=\"URL\" data-id=\"http:\/\/lengetur.no\/?page_id=923\">TIL TOPPEN<\/a><\/h2>\n","protected":false},"excerpt":{"rendered":"<p>KOMMER I JULI 2025. Et fantastisk og uber\u00f8rt landskap. Et lite bes\u00f8kt og helt dekningsfritt omr\u00e5de. Overnatting i telt, p\u00e5 selvbetjent DNT-hytte og p\u00e5 betjent DNT-hytte med treretters middag. Om dette er noe du s\u00f8ker, s\u00e5 er BREHEIMEN RUNDT turen for deg! For femte gang arrangerer vi denne seksdagersturen fra H\u00f8ydalen i Lom via N\u00f8rdstedalseter &hellip; <\/p>\n<p class=\"link-more\"><a href=\"http:\/\/lengetur.no\/?page_id=923\" class=\"more-link\">Read more<span class=\"screen-reader-text\"> &laquo;&#8211; BREHEIMEN RUNDT&raquo;<\/span><\/a><\/p>\n","protected":false},"author":1,"featured_media":66,"parent":0,"menu_order":0,"comment_status":"closed","ping_status":"closed","template":"","meta":{"inspiro_hide_title":false,"footnotes":""},"class_list":["post-923","page","type-page","status-publish","has-post-thumbnail","hentry"],"_links":{"self":[{"href":"http:\/\/lengetur.no\/index.php?rest_route=\/wp\/v2\/pages\/923","targetHints":{"allow":["GET"]}}],"collection":[{"href":"http:\/\/lengetur.no\/index.php?rest_route=\/wp\/v2\/pages"}],"about":[{"href":"http:\/\/lengetur.no\/index.php?rest_route=\/wp\/v2\/types\/page"}],"author":[{"embeddable":true,"href":"http:\/\/lengetur.no\/index.php?rest_route=\/wp\/v2\/users\/1"}],"replies":[{"embeddable":true,"href":"http:\/\/lengetur.no\/index.php?rest_route=%2Fwp%2Fv2%2Fcomments&post=923"}],"version-history":[{"count":61,"href":"http:\/\/lengetur.no\/index.php?rest_route=\/wp\/v2\/pages\/923\/revisions"}],"predecessor-version":[{"id":2270,"href":"http:\/\/lengetur.no\/index.php?rest_route=\/wp\/v2\/pages\/923\/revisions\/2270"}],"wp:featuredmedia":[{"embeddable":true,"href":"http:\/\/lengetur.no\/index.php?rest_route=\/wp\/v2\/media\/66"}],"wp:attachment":[{"href":"http:\/\/lengetur.no\/index.php?rest_route=%2Fwp%2Fv2%2Fmedia&parent=923"}],"curies":[{"name":"wp","href":"https:\/\/api.w.org\/{rel}","templated":true}]}}