{"id":6,"date":"2021-09-24T13:28:34","date_gmt":"2021-09-24T13:28:34","guid":{"rendered":"http:\/\/lengetur.no\/?page_id=6"},"modified":"2025-05-05T23:28:18","modified_gmt":"2025-05-05T21:28:18","slug":"about","status":"publish","type":"page","link":"http:\/\/lengetur.no\/?page_id=6","title":{"rendered":"TURER"},"content":{"rendered":"\n<h3 class=\"wp-block-heading\"><a href=\"https:\/\/lengetur.no\/?page_id=2277\" data-type=\"page\" data-id=\"2277\">TURJENTER: K\u00d8YE-TIL-K\u00d8YE I KROKSKOGEN, 6-9. JUNI 2025<\/a><\/h3>\n\n\n\n<h3 class=\"wp-block-heading\"><strong><a href=\"https:\/\/lengetur.no\/?page_id=727\" data-type=\"page\" data-id=\"727\">JOTUNHEIMEN INTRO, JULI 2025<\/a><\/strong><\/h3>\n\n\n\n<h3 class=\"wp-block-heading\"><a href=\"https:\/\/lengetur.no\/?page_id=417\" data-type=\"page\" data-id=\"417\"><strong>B\u00d8RGEFJELL P\u00c5 TVERS, MARS 2026.<\/strong><\/a><\/h3>\n\n\n\n<h3 class=\"wp-block-heading\"><a href=\"https:\/\/lengetur.no\/?page_id=360\" data-type=\"page\" data-id=\"360\">LANGSUA RUNDT,  APRIL 2026<\/a><\/h3>\n\n\n\n<p><\/p>\n","protected":false},"excerpt":{"rendered":"<p>TURJENTER: K\u00d8YE-TIL-K\u00d8YE I KROKSKOGEN, 6-9. JUNI 2025 JOTUNHEIMEN INTRO, JULI 2025 B\u00d8RGEFJELL P\u00c5 TVERS, MARS 2026. LANGSUA RUNDT, APRIL 2026<\/p>\n","protected":false},"author":1,"featured_media":0,"parent":0,"menu_order":0,"comment_status":"closed","ping_status":"closed","template":"","meta":{"inspiro_hide_title":false,"footnotes":""},"class_list":["post-6","page","type-page","status-publish","hentry"],"_links":{"self":[{"href":"http:\/\/lengetur.no\/index.php?rest_route=\/wp\/v2\/pages\/6","targetHints":{"allow":["GET"]}}],"collection":[{"href":"http:\/\/lengetur.no\/index.php?rest_route=\/wp\/v2\/pages"}],"about":[{"href":"http:\/\/lengetur.no\/index.php?rest_route=\/wp\/v2\/types\/page"}],"author":[{"embeddable":true,"href":"http:\/\/lengetur.no\/index.php?rest_route=\/wp\/v2\/users\/1"}],"replies":[{"embeddable":true,"href":"http:\/\/lengetur.no\/index.php?rest_route=%2Fwp%2Fv2%2Fcomments&post=6"}],"version-history":[{"count":28,"href":"http:\/\/lengetur.no\/index.php?rest_route=\/wp\/v2\/pages\/6\/revisions"}],"predecessor-version":[{"id":2621,"href":"http:\/\/lengetur.no\/index.php?rest_route=\/wp\/v2\/pages\/6\/revisions\/2621"}],"wp:attachment":[{"href":"http:\/\/lengetur.no\/index.php?rest_route=%2Fwp%2Fv2%2Fmedia&parent=6"}],"curies":[{"name":"wp","href":"https:\/\/api.w.org\/{rel}","templated":true}]}}